f (56/12 + -2)*12.
2
Suppose 5*o + 42 + 17 = y, 5*y - 2*o - 203 = 0. What are the prime factors of y?
3, 13
Let g = -113 + 184. List the prime factors of g.
71
Let t(n) = n - 1. Let c(w) = 2*w - 1. Let q(v) = -c(v) + 3*t(v). Let f be q(7). Suppose f*p - 28 = p. List the prime factors of p.
7
Suppose 0*m + 4*m + 12 = 0. Let c(j) = j**3 + 3*j**2 - 2*j + 1. What are the prime factors of c(m)?
7
Suppose -5*n = -6*n + 30. List the prime factors of n.
2, 3, 5
Suppose 0 = -v - 3*w + 33, 0 = 5*v - 3*w - 196 - 41. List the prime factors of v.
3, 5
Suppose 0*u - 16 = -4*u. Let p = 4 - u. Suppose m + 4*v - 26 = v, p = 2*m + 5*v - 51. What are the prime factors of m?
23
Suppose 0 = -y - 2*y. Suppose -6 + y = u. Let m(b) = -b**2 - 6*b + 3. What are the prime factors of m(u)?
3
Let c = 4 + -4. Suppose 0 = -c*l + l. Suppose l = -z - 6 + 15. List the prime factors of z.
3
Let l(y) = -y. Let f be l(8). What are the prime factors of ((-10)/f)/((-8)/(-32))?
5
Let x(s) be the first derivative of -s**4/4 - 4*s**3/3 + s**2 - 6*s + 3. What are the prime factors of x(-5)?
3
Suppose -30*x = -33*x + 534. List the prime factors of x.
2, 89
Let j(w) = -w**2 + 6*w + 3. List the prime factors of j(6).
3
Suppose -w - 2*w + 18 = m, -4*m + 2*w = -16. What are the prime factors of 24/m*13/2?
2, 13
Let x = 24 + -22. Suppose -x*b + 33 - 7 = 0. List the prime factors of b.
13
Suppose -b = -6*b - 20, 2*a - 58 = 5*b. Suppose -a*p = -24*p + 175. What are the prime factors of p?
5, 7
Let r = -1 + -1. What are the prime factors of 80/r*12/(-30)?
2
Let l(h) = h + 4. Suppose d + 5*x + 16 = 2*d, -3*x - 16 = d. Let r be l(d). Suppose -3*n + r*n = c - 28, 3*n = 15. What are the prime factors of c?
13
Let b(j) = 3*j - 2. Let d be b(2). Suppose 0 = -d*k + 43 - 11. What are the prime factors of 0 + k + (0 - 2)?
2, 3
Let u = -3 - -3. Suppose u = -3*f + 13 + 5. List the prime factors of f.
2, 3
Let p(j) = -j**2 - j + 68. What are the prime factors of p(0)?
2, 17
Suppose 2*i + 10 = 46. List the prime factors of i.
2, 3
Let z = 16 - -35. What are the prime factors of z?
3, 17
Let g(i) = -i**2 + 7*i + 10. Let v be g(8). What are the prime factors of (-2)/(v + (-34)/16)?
2
Let g(y) = 10*y**2. Let n be g(-1). Suppose n + 10 = 4*d. Suppose 2*b + 12 = d*b. List the prime factors of b.
2
Let k(u) = 2*u + 6. List the prime factors of k(0).
2, 3
What are the prime factors of 2124/27 - (-2)/6?
79
Suppose 2*b = 6*b. Suppose -5*y + 30 = 5*h, b*y + 3*y - 2*h + 2 = 0. What are the prime factors of y?
2
Suppose -5*t + 15 = -3*x, 4*t + 6 = -4*x - 14. Suppose -24 - 16 = -k - 2*z, -k - 4*z + 32 = t. List the prime factors of k.
2, 3
Suppose f + 3 = 5. Suppose -9 - 5 = -f*z. Suppose -4*c = -z - 5. What are the prime factors of c?
3
Suppose -f + 9 - 3 = y, -2*y + 3*f = 3. List the prime factors of (-12)/y + 1 - -5.
2
What are the prime factors of (-182)/(-3)*6/4?
7, 13
Let k(b) = -b**2 + 4. Suppose 0 = l - 5*u + 25, 0 = l - 5*l + 2*u - 10. Let v be k(l). Suppose 0 = -v*t + 8, -a - 5*t + 12 = -6. List the prime factors of a.
2
Let x = -269 + 379. Suppose 25*m + x = 27*m. What are the prime factors of m?
5, 11
Suppose 0 = -0*k - 2*k. Let a be 2 + 0 + k - -2. Suppose u = 2*u - a. List the prime factors of u.
2
Let n = 9 + -6. Let i = n - -6. List the prime factors of i.
3
Suppose -5 = 4*n - 4*y - 21, -5*n = 3*y - 36. Suppose -5*s + 3*s = -n. Suppose -4 = s*p - 10. What are the prime factors of p?
2
Suppose 0*m - 2*m + 16 = 0. List the prime factors of m.
2
Let h be 27 - (2 + 0 - -1). Suppose 5*l - 41 = h. List the prime factors of l.
13
Suppose -7 + 1 = -5*q + 4*s, s - 3 = -q. Suppose u = 5, 1 = 2*p + q*u - 13. List the prime factors of p.
2
Let t(n) = n**2 - 4*n + 10. What are the prime factors of t(6)?
2, 11
Let k(h) = -4*h**2 + 6*h - 10. Let a(w) = 9*w**2 - 12*w + 21. Let l(m) = -3*a(m) - 7*k(m). Let x = -5 - -10. What are the prime factors of l(x)?
2
Let i(c) = -c - 4 - 1 + 5 + 7*c**2. Let y be i(-1). Suppose -y*m + 16 = -4*m. What are the prime factors of m?
2
Let f = 57 - 26. What are the prime factors of f?
31
Suppose -3*k - 3*c + 48 + 3 = 0, 70 = 5*k + 2*c. List the prime factors of k.
2, 3
Let m(p) be the third derivative of p**6/360 + p**5/12 - p**4/3 + 2*p**3/3 + 2*p**2. Let s(y) be the first derivative of m(y). List the prime factors of s(-11).
3
Let l(j) = 3*j**2 + 8*j + 9. What are the prime factors of l(9)?
2, 3
Suppose -v + 118 = i + 2*i, -2*i - v = -77. List the prime factors of i.
41
Let n = -38 + 199. List the prime factors of n.
7, 23
Suppose 3*n = 4*n - 2. What are the prime factors of ((-3)/n)/(15/(-170))?
17
Let j = 22 + -12. List the prime factors of (j/(-4))/5*-38.
19
Suppose -2*j = -97 - 35. Suppose -21 - j = -5*p - 3*c, 4*p = -2*c + 70. List the prime factors of p.
2, 3
Suppose 5*s = r + 20 + 33, r = s - 65. Let u = r + 98. List the prime factors of u.
2, 3, 5
Let c = 14 + -9. Suppose -2*x + 5*x = 5*w + 131, -c*w = 5*x - 285. List the prime factors of x.
2, 13
Let d(o) = -o**3 - 4*o**2 + 7*o + 7. List the prime factors of d(-6).
37
Let h(s) = -6*s + 3. Let g(b) = 7*b - 3. Let k(o) = 5*g(o) + 6*h(o). Let m(a) = a - 18. Let z be m(10). What are the prime factors of k(z)?
11
Let p(t) = 9*t + 0*t - 3*t + 2 + 3*t**2. What are the prime factors of p(-4)?
2, 13
Suppose 3*j + 2*j = -75. Let f = 0 - j. What are the prime factors of f?
3, 5
Let k be -2 - 6 - (-1 - 1). What are the prime factors of 40/6 + k/9?
2, 3
Let d(n) = -n**3 - 5*n**2 - 3. Let m be d(-5). Let y = 1 - m. Suppose -x = v - 6 - 5, -37 = -5*x + y*v. What are the prime factors of x?
3
Suppose 2*n = -3*u + 2*u - 114, 5*n = 0. Let r = -74 - u. List the prime factors of r.
2, 5
What are the prime factors of (-268)/(-5) + 18/(-30)?
53
Let z(p) be the third derivative of -p**5/60 + p**3 + p**2. Let g be z(-5). Let v = 35 + g. What are the prime factors of v?
2
Let x = 18 - 31. Suppose 78 = 3*p - 3*v, 0 = -4*p + 2*p - 5*v + 80. Let m = x + p. What are the prime factors of m?
17
Let q(j) = -j**2 + 24*j - 21. What are the prime factors of q(16)?
107
Let t = 3 + -1. Suppose -f = -t*f. Suppose f = -5*z + 9 + 46. What are the prime factors of z?
11
Let q(i) be the first derivative of i**4/4 - 8*i**3/3 - 7*i**2/2 - 4*i + 1. Let k be q(9). Let v = k + -8. What are the prime factors of v?
2, 3
Let y = -9 - -10. Suppose -2*p + 2 + 12 = 0. Suppose -4*i + p = -y. What are the prime factors of i?
2
Suppose 2*c + 27 = 5*k - c, 5*c - 23 = -3*k. Let o(i) = 2*i**2 - 7*i. Let p be o(k). Suppose -2*y - 55 = -5*b, 5*b + 2*y + y = p. List the prime factors of b.
3
Let j = -2 + 9. Let v(f) be the third derivative of -f**5/60 + f**4/3 + f**2. List the prime factors of v(j).
7
Suppose 0*n = -4*n + 64. What are the prime factors of n?
2
Suppose -2*v + 6*v = -3*p - 8, 4*p = 3*v + 6. Suppose 3*r - 2*y = -57, p = r + 2*y - 6*y + 9. Let m = -13 - r. What are the prime factors of m?
2
Suppose 0 = -3*x - 5*t - 428, 3*x + 444 = 5*t - 2*t. Let m be x/(-6) + (-9)/27. Suppose -4*a = -5*a + m. What are the prime factors of a?
2, 3
Suppose 5*l - 11 = f, 4*l + 29 = -0*f - f. Let u = f - -35. List the prime factors of u.
2, 7
Suppose -4*h + 3*h = -6. Let p = h - 9. Let i(r) = -r**3 - 2*r**2 - 4*r - 3. What are the prime factors of i(p)?
2, 3
Suppose 3*o + o - 84 = 0. What are the prime factors of o?
3, 7
Suppose 0 = 3*v - 27 - 78. What are the prime factors of v?
5, 7
Let r be 1 + 1 + -1 + -22. Let f = 24 - r. Suppose -f = -2*o - 3*o. What are the prime factors of o?
3
What are the prime factors of (-1 - 2)*(10 + -28)?
2, 3
Suppose 0 = 5*a + 15, -22 = 5*w - 10*w + 4*a. Suppose 0 = w*c - 5*o - 30, -4*c - 4*o + o = -8. List the prime factors of c.
5
Let y(j) = 4*j**2 + 2*j + 1. List the prime factors of y(-3).
31
Let g(c) = 4*c - 2. Let w be g(-6). Suppose 0 = -2*y - 20 - 54. Let t = w - y. List the prime factors of t.
11
What are the prime factors of 1056/4 + -3 + 2?
263
Let i(j) = j**2 - 1. List the prime factors of i(-6).
5, 7
Suppose -2*l - 10 = 2*q + 2*l, 50 = 5*q - 5*l. Suppose i - 2 = -c, -c + 5*c - 4 = -q*i. Let o = c + 1. List the prime factors of o.
7
Let a = 57 - 27. What are the prime factors of a?
2, 3, 5
Let r = 8 + -23. What are the prime factors of (-2)/(((-12)/r)/(-4))?
2, 5
Let z be 2/7 - 78/(-21). Let a be z/6 - 20/3. Let x(k) = -k**3 - 7*k**2 - 7*k - 2. Wh